to base 10.
-25
100 (base 3) to base 16
9
Convert -107 (base 10) to base 11.
-98
What is 6 (base 10) in base 11?
6
Convert -2 (base 16) to base 14.
-2
What is -3 (base 9) in base 11?
-3
What is 101100100 (base 2) in base 9?
435
-191 (base 13) to base 8
-437
Convert 13 (base 9) to base 4.
30
Convert 156 (base 9) to base 11.
110
What is -33 (base 10) in base 8?
-41
Convert -5 (base 12) to base 7.
-5
Convert -3 (base 14) to base 10.
-3
Convert -10002 (base 3) to base 12.
-6b
2b (base 16) to base 7
61
-18 (base 10) to base 2
-10010
What is 31 (base 6) in base 9?
21
What is 7 (base 15) in base 6?
11
What is -1 (base 11) in base 3?
-1
Convert -1c (base 16) to base 4.
-130
What is 3 (base 9) in base 15?
3
-4 (base 13) to base 9
-4
3 (base 12) to base 6
3
-60 (base 8) to base 11
-44
0 (base 13) to base 3
0
Convert 55 (base 7) to base 6.
104
-97 (base 14) to base 11
-111
Convert -73 (base 11) to base 15.
-55
What is -19 (base 13) in base 7?
-31
-ab (base 13) to base 10
-141
What is 8 (base 16) in base 14?
8
14 (base 6) to base 3
101
What is -10003 (base 4) in base 12?
-197
Convert 12 (base 6) to base 15.
8
Convert 27 (base 11) to base 3.
1002
What is 100110 (base 2) in base 5?
123
What is -3 (base 11) in base 4?
-3
Convert -110 (base 3) to base 9.
-13
What is 3 (base 8) in base 2?
11
43 (base 5) to base 14
19
-1 (base 7) to base 8
-1
What is -91 (base 13) in base 10?
-118
What is 0 (base 12) in base 4?
0
Convert 121 (base 9) to base 10.
100
What is 5 (base 16) in base 4?
11
Convert -204 (base 5) to base 3.
-2000
What is 2 (base 6) in base 12?
2
What is 1 (base 9) in base 8?
1
What is -1 (base 14) in base 10?
-1
0 (base 13) to base 6
0
What is 3 (base 13) in base 4?
3
-11 (base 3) to base 10
-4
9 (base 11) to base 8
11
Convert -4b (base 16) to base 3.
-2210
-16 (base 10) to base 9
-17
Convert 7 (base 15) to base 11.
7
5 (base 12) to base 8
5
Convert 31 (base 5) to base 4.
100
What is -168 (base 12) in base 10?
-224
0 (base 15) to base 4
0
b (base 15) to base 7
14
-b1 (base 12) to base 9
-157
Convert -30 (base 7) to base 10.
-21
What is 2 (base 10) in base 9?
2
What is 6 (base 8) in base 3?
20
What is -3 (base 9) in base 4?
-3
What is -110 (base 2) in base 7?
-6
Convert -4 (base 5) to base 7.
-4
What is 166 (base 10) in base 5?
1131
What is 0 (base 10) in base 9?
0
Convert -20 (base 8) to base 9.
-17
What is 12 (base 15) in base 7?
23
Convert 10011 (base 2) to base 3.
201
What is -4 (base 14) in base 13?
-4
Convert 2 (base 14) to base 9.
2
-22 (base 5) to base 15
-c
Convert 2 (base 7) to base 13.
2
What is -16 (base 13) in base 15?
-14
What is -3 (base 6) in base 3?
-10
What is 3a (base 14) in base 3?
1221
0 (base 3) to base 7
0
What is 10010110 (base 2) in base 4?
2112
Convert 67 (base 10) to base 16.
43
Convert 4 (base 11) to base 14.
4
2211 (base 3) to base 7
136
What is 10120 (base 3) in base 12?
80
What is -3 (base 11) in base 10?
-3
What is 4 (base 12) in base 14?
4
1142 (base 5) to base 13
103
Convert -13 (base 9) to base 15.
-c
15 (base 11) to base 12
14
-6 (base 15) to base 8
-6
Convert -14 (base 14) to base 12.
-16
-214 (base 6) to base 3
-10001
What is -1 (base 15) in base 10?
-1
What is -5 (base 11) in base 10?
-5
-2d (base 16) to base 8
-55
-9 (base 12) to base 16
-9
What is -3 (base 4) in base 6?
-3
-1 (base 2) to base 15
-1
bd (base 15) to base 9
217
-5 (base 9) to base 13
-5
What is 30 (base 16) in base 13?
39
Convert 4 (base 13) to base 3.
11
Convert 47 (base 10) to base 11.
43
Convert 53 (base 8) to base 7.
61
Convert 2 (base 7) to base 2.
10
What is -3 (base 6) in base 9?
-3
Convert 140 (base 7) to base 16.
4d
-111 (base 3) to base 5
-23
Convert 22 (base 9) to base 4.
110
Convert -5 (base 11) to base 8.
-5
What is 33 (base 6) in base 5?
41
Convert -2 (base 3) to base 16.
-2
What is -2110 (base 3) in base 2?
-1000010
-52 (base 6) to base 16
-20
What is 2 (base 13) in base 4?
2
Convert -117 (base 10) to base 8.
-165
What is 27 (base 16) in base 7?
54
2 (base 10) to base 16
2
21012 (base 3) to base 8
302
4 (base 7) to base 12
4
Convert 30 (base 6) to base 4.
102
What is 0 (base 4) in base 15?
0
Convert -1 (base 8) to base 13.
-1
What is 5 (base 11) in base 8?
5
What is -60 (base 8) in base 15?
-33
Convert -7 (base 12) to base 6.
-11
37 (base 14) to base 6
121
Convert 84 (base 12) to base 13.
79
What is -11102 (base 3) in base 11?
-a9
174 (base 8) to base 14
8c
What is -5 (base 6) in base 8?
-5
-2012 (base 3) to base 11
-54
What is 4 (base 16) in base 6?
4
1 (base 14) to base 4
1
What is 0 (base 7) in base 6?
0
What is 1 (base 4) in base 2?
1
Convert 1 (base 15) to base 9.
1
What is -2 (base 4) in base 10?
-2
What is 25 (base 9) in base 2?
10111
What is 41 (base 8) in base 7?
45
What is 1012 (base 5) in base 9?
156
Convert -242 (base 7) to base 16.
-80
What is -a (base 11) in base 7?
-13
Convert 1 (base 8) to base 12.
1
What is -32 (base 4) in base 11?
-13
Convert 100001101 (base 2) to base 9.
328
What is -dd (base 15) in base 8?
-320
Convert -121 (base 4) to base 15.
-1a
What is 4 (base 13) in base 8?
4
What is 44 (base 10) in base 11?
40
What is -1 (base 10) in base 11?
-1
What is -3 (base 4) in base 9?
-3
What is 100 (base 2) in base 4?
10
What is 140 (base 8) in base 6?
240
What is 2 (base 7) in base 8?
2
What is -35 (base 13) in base 8?
-54
What is 18 (base 9) in base 6?
25
What is -220 (base 7) in base 3?
-11011
What is -1 (base 7) in base 11?
-1
-211 (base 6) to base 4
-1033
Convert -3 (base 5) to base 3.
-10
What is -30 (base 4) in base 16?
-c
What is -b (base 16) in base 2?
-1011
Convert 1 (base 15) to base 3.
1
20 (base 5) to base 16
a
1 (base 8) to base 13
1
Convert -38 (base 12) to base 9.
-48
1003 (base 7) to base 2
101011010
0 (base 9) to base 5
0
What is 2122 (base 3) in base 7?
131
Convert 6 (base 14) to base 12.
6
-51 (base 14) to base 7
-131
What is -2 (base 10) in base 4?
-2
231 (base 10) to base 15
106
What is -d (base 14) in base 3?
-111
Convert -191 (base 10) to base 5.
-1231
-2 (base 5) to base 10
-2
What is 9 (base 15) in base 14?
9
Convert -73 (base 16) to base 3.
-11021
What is 0 (base 7) in base 15?
0
Convert 1 (base 13) to base 9.
1
Convert 11 (base 11) to base 10.
12
4 (base 8) to base 12
4
-12 (base 8) to base 12
-a
-1 (base 14) to base 4
-1
What is 111 (base 3) in base 7?
16
10001 (base 3) to base 9
101
Convert 2 (base 14) to base 11.
2
-11 (base 14) to base 13
-12
Convert 5 (base 11) to base 13.
5
Convert 12 (base 6) to base 8.
10
125 (base 8) to base 16
55
3 (base 5) to base 9
3
-49 (base 14) to base 5
-230
What is 1 (base 3) in base 16?
1
What is 131 (base 5) in base 10?
41
-1301 (base 4) to base 2
-1110001
-89 (base 10) to base 6
-225
Convert 2 (base 14) to base 3.
2
Convert -4 (base 9) to base 2.
-100
What is -1101111 (base 2) in base 5?
-421
What is -64 (base 16) in base 11?
-91
Convert 22 (base 8) to base 10.
18
-60 (base 8) to base 2
-110000
What is 1 (base 7) in base 15?
1
What is -226 (base 9) in base 15?
-c6
What is -3 (base 11) in base 13?
-3
Convert 0 (base 5) to base 14.
0
What is -1001 (base 2) in base 5?
-14
11 (base 7) to base 14
8
Convert 1 (base 16) to base 3.
1
6 (base 7) to base 3
20
-2133 (base 5) to base 7
-566
-22101 (base 3) to base 13
-145
What is -1 (base 13) in base 14?
-1
What is 10 (base 2) in base 10?
2
Convert -9 (base 16) to base 2.
-1001
What is -62 (base 14) in base 10?
-86
-2e (base 16) to base 11
-42
Convert 7 (base 9) to base 11.
7
What is 7 (base 15) in base 11?
7
-af (base 16) to base 14
-c7
Convert -112 (base 6) to base 7.
-62
4 (base 15) to base 5
4
Convert 3 (base 10) to base 5.
3
Convert 15 (base 15) to base 10.
20
What is 8 (base 14) in base 4?
20
3e (base 16) to base 4
332
-7 (base 12) to base 5
-12
Convert 110101011 (base 2) to base 12.
2b7
73 (base 13) to base 12
7a
-2 (base 8) to base 15
-2
-c (base 15) to base 9
-13
What is -300 (base 8) in base 6?
-520
What is -87 (base 13) in base 9?
-133
-4 (base 15) to base 11
-4
Convert a (base 13) to base 6.
14
-287 (base 12) to base 16
-187
What is -5 (base 11) in base 16?
-5
-83 (base 9) to base 10
-75
What is -12 (base 15) in base 14?
-13
Convert 1 (base 11) to base 3.
1
-2200 (base 5) to base 11
-253
Convert -20 (base 12) to base 4.
-120
15 (base 8) to base 14
d
What is 4 (base 11) in base 12?
4
What is 1110100 